{"id":16733,"date":"2019-02-10T16:40:08","date_gmt":"2019-02-10T16:40:08","guid":{"rendered":"https:\/\/nationalpardon.org\/?page_id=16733"},"modified":"2019-02-10T16:40:08","modified_gmt":"2019-02-10T16:40:08","slug":"restrictions-sur-lemploi","status":"publish","type":"page","link":"https:\/\/staging.nationalpardon.org\/?page_id=16733","title":{"rendered":"Restrictions sur l\u2019emploi"},"content":{"rendered":"<p>[vc_section][vc_row][vc_column][vc_row_inner][vc_column_inner width=&#8221;1\/2&#8243; offset=&#8221;vc_hidden-lg vc_hidden-md&#8221;][vc_btn title=&#8221;TOUCHEZ POUR APPELER&#8221; style=&#8221;custom&#8221; custom_background=&#8221;#223f83&#8243; custom_text=&#8221;#ffffff&#8221; align=&#8221;center&#8221; i_icon_fontawesome=&#8221;fa fa-phone&#8221; button_block=&#8221;true&#8221; add_icon=&#8221;true&#8221; link=&#8221;url:tel%3A18662422411|||&#8221; css=&#8221;.vc_custom_1550113634327{margin-right: 25px !important;margin-left: 25px !important;}&#8221;][\/vc_column_inner][vc_column_inner width=&#8221;1\/2&#8243; offset=&#8221;vc_hidden-lg vc_hidden-md&#8221;][vc_btn title=&#8221;Demande en ligne&#8221; style=&#8221;custom&#8221; custom_background=&#8221;#cd001b&#8221; custom_text=&#8221;#ffffff&#8221; align=&#8221;center&#8221; i_icon_fontawesome=&#8221;fa fa-wpforms&#8221; button_block=&#8221;true&#8221; add_icon=&#8221;true&#8221; link=&#8221;url:%2Fdemande-en-ligne-pg-1%2F%3Flang%3Dfr|||&#8221; css=&#8221;.vc_custom_1550522928034{margin-right: 25px !important;margin-left: 25px !important;}&#8221;][\/vc_column_inner][\/vc_row_inner][\/vc_column][\/vc_row][\/vc_section][vc_row row_container=&#8221;true&#8221;][vc_column][vc_custom_heading text=&#8221;Restrictions sur l\u2019emploi&#8221; font_container=&#8221;tag:h1|font_size:28px|text_align:left|line_height:36px&#8221; use_theme_fonts=&#8221;yes&#8221; custom_style=&#8221;letter-spacing: -0.075em;&#8221;][vc_column_text]Il est bien reconnu que dans notre soci\u00e9t\u00e9, toute personne ayant un casier judiciaire se trouve \u00e0 un s\u00e9rieux d\u00e9savantage quant \u00e0 ses possibilit\u00e9s d\u2019emploi. Plusieurs emplois sont tout simplement hors port\u00e9e, malgr\u00e9 les qualifications de l\u2019individu. De plus, quant aux emplois qui lui sont ouverts, il ne sera consid\u00e9r\u00e9 qu\u2019apr\u00e8s les candidats sans casier judiciaire.<\/p>\n<p>Lorsque vous poss\u00e9dez un casier judiciaire il est important de savoir que tout candidat pour un emploi dans les domaines mentionn\u00e9s ci-dessous fait l\u2019objet d\u2019une v\u00e9rification de sa situation juridique.<\/p>\n<ul>\n<li>L\u2019investissement<\/li>\n<li>Le domaine bancaire<\/li>\n<li>La garde d\u2019enfants (toute carri\u00e8re concernant la supervision d\u2019enfants)<\/li>\n<li>Le gouvernement<\/li>\n<li>Les assurances<\/li>\n<li>L\u2019enseignement (tout poste dans un lieu d\u2019enseignement)<\/li>\n<li>Le b\u00e9n\u00e9volat<\/li>\n<li>Le domaine hospitalier et les soins de sant\u00e9<\/li>\n<li>La protection contre l\u2019incendie<\/li>\n<li>Le domaine policier<\/li>\n<li>Le domaine juridique<\/li>\n<li>La massoth\u00e9rapie<\/li>\n<li>Le travail social<\/li>\n<li>La m\u00e9decine dentaire<\/li>\n<li>La s\u00e9curit\u00e9<\/li>\n<li>La physioth\u00e9rapie<\/li>\n<li>Les centres de correction<\/li>\n<li>Les postes de caissier(\u00e8re)s<\/li>\n<li>Etc.<\/li>\n<\/ul>\n<p>[\/vc_column_text][\/vc_column][\/vc_row][vc_row row_container=&#8221;true&#8221;][vc_column][vc_column_text]<\/p>\n<h2>Que faire ?<\/h2>\n<p>Une fois votre pardon accord\u00e9, votre casier judiciaire sera supprim\u00e9, et les restrictions sur vos choix de carri\u00e8re seront ainsi lev\u00e9es. Vous pourrez, dor\u00e9navant faire demande dans n\u2019importe lequel domaine, sans risque de refus bas\u00e9 sur votre casier judiciaire.<\/p>\n<p>Si vous pensez entreprendre une carri\u00e8re qui n\u00e9cessite une v\u00e9rification de votre situation juridique, votre meilleure solution s\u2019agit d\u2019entamer aussit\u00f4t que possible une\u00a0<a href=\"http:\/\/www.nationalpardon.org\/fr\">demande de pardon<\/a>. Une fois votre pardon accord\u00e9 vous serez en mesure de postuler sans crainte. Si, toutefois, vous devez absolument chercher du travail avant que votre demande ne soit compl\u00e9t\u00e9, le Centre du Pardon National vous fournira avec une lettre d\u2019introduction expliquant que vous entreprenez une demande de pardon juridique, en vue d\u2019\u00e9liminer votre casier judiciaire.<\/p>\n<p>Entamer une demande de pardon repr\u00e9sente un geste positif dans la vie d\u2019un individu. Les employeurs reconnaissent \u00e9galement en ce geste un signe de responsabilit\u00e9, qui d\u00e9coule du d\u00e9sir de recommencer sa vie, et de laisser ses erreurs dans le pass\u00e9.<\/p>\n<h2><strong>R\u00e9sultats<\/strong><\/h2>\n<p>Les individus ayant obtenu un pardon remarquent souvent que des opportunit\u00e9s (de travail, autant que dans d\u2019autres domaines de la vie) se pr\u00e9sentent \u00e0 eux qu\u2019auparavant n\u2019auraient pu \u00eatre possibles. L\u2019\u00e9limination de votre casier judiciaire est une \u00e9tape essentielle lorsque vous entreprenez un choix de carri\u00e8re o\u00f9 que vous cherchez un emploi, m\u00eame quand votre domaine choisi ne demande pas une v\u00e9rification de votre situation juridique.<\/p>\n<p>Non seulement un pardon vous ouvre-t-il de nouvelles portes quant \u00e0 vos possibilit\u00e9s d\u2019emploi, mais il vous offre \u00e9galement une tranquillit\u00e9 d\u2019esprit et une nouvelle confiance face \u00e0 la vie, qui vous aideront lors de votre cherche d\u2019emploi. Pour les personnes d\u00e9j\u00e0 sur le march\u00e9 du travail, en plus de ces atouts, un pardon engendre souvent des possibilit\u00e9s d\u2019avancement au travail.<\/p>\n<p>Si votre casier judiciaire vous emp\u00e8che de trouver un emploi ou d\u2019avancer dans votre carri\u00e8re, contactez nous, au Centre du Pardon National, pour commencer une demande de pardon.[\/vc_column_text][\/vc_column][\/vc_row][vc_section full_width=&#8221;stretch_row&#8221; css=&#8221;.vc_custom_1549811124367{background-color: #cd001b !important;}&#8221;][vc_row row_container=&#8221;true&#8221; css=&#8221;.vc_custom_1549811173201{padding-bottom: 30px !important;background-color: #cd001b !important;}&#8221;][vc_column width=&#8221;2\/3&#8243;][vc_column_text]<\/p>\n<p style=\"font-size: x-large; text-align: left;\"><span style=\"color: #ffffff;\"><strong>Veuillez nous contacter : <\/strong><span style=\"text-decoration: underline;\"><strong><a style=\"color: #ffffff; text-decoration: underline;\" href=\"tel:18662422411\">1-866-242-2411<\/a><\/strong><\/span><strong> de 8h30 \u00e0 17hres, du lundi au vendredi.<\/strong><\/span><\/p>\n<p>[\/vc_column_text][\/vc_column][vc_column width=&#8221;1\/3&#8243;][vc_btn title=&#8221;CONSULTATION&#8221; style=&#8221;custom&#8221; custom_background=&#8221;#1e3c82&#8243; custom_text=&#8221;#ffffff&#8221; shape=&#8221;round&#8221; css=&#8221;.vc_custom_1549812665353{padding-right: 25px !important;padding-left: 25px !important;}&#8221; link=&#8221;url:%2Fconsultations-sans-frais-2%2F%3Flang%3Dfr|||&#8221;][\/vc_column][\/vc_row][\/vc_section]<\/p>\n","protected":false},"excerpt":{"rendered":"<p>[vc_section][vc_row][vc_column][vc_row_inner][vc_column_inner width=&#8221;1\/2&#8243; offset=&#8221;vc_hidden-lg vc_hidden-md&#8221;][vc_btn title=&#8221;TOUCHEZ POUR APPELER&#8221; style=&#8221;custom&#8221; custom_background=&#8221;#223f83&#8243; custom_text=&#8221;#ffffff&#8221; align=&#8221;center&#8221; i_icon_fontawesome=&#8221;fa fa-phone&#8221; button_block=&#8221;true&#8221; add_icon=&#8221;true&#8221; link=&#8221;url:tel%3A18662422411|||&#8221; css=&#8221;.vc_custom_1550113634327{margin-right: 25px !important;margin-left: 25px !important;}&#8221;][\/vc_column_inner][vc_column_inner width=&#8221;1\/2&#8243; offset=&#8221;vc_hidden-lg vc_hidden-md&#8221;][vc_btn title=&#8221;Demande en ligne&#8221; style=&#8221;custom&#8221; custom_background=&#8221;#cd001b&#8221; custom_text=&#8221;#ffffff&#8221; align=&#8221;center&#8221; i_icon_fontawesome=&#8221;fa fa-wpforms&#8221; button_block=&#8221;true&#8221; add_icon=&#8221;true&#8221; link=&#8221;url:%2Fdemande-en-ligne-pg-1%2F%3Flang%3Dfr|||&#8221; css=&#8221;.vc_custom_1550522928034{margin-right: 25px !important;margin-left: 25px !important;}&#8221;][\/vc_column_inner][\/vc_row_inner][\/vc_column][\/vc_row][\/vc_section][vc_row row_container=&#8221;true&#8221;][vc_column][vc_custom_heading text=&#8221;Restrictions sur l\u2019emploi&#8221; font_container=&#8221;tag:h1|font_size:28px|text_align:left|line_height:36px&#8221; use_theme_fonts=&#8221;yes&#8221; custom_style=&#8221;letter-spacing: -0.075em;&#8221;][vc_column_text]Il est bien reconnu que dans notre [&hellip;]<\/p>\n","protected":false},"author":2,"featured_media":0,"parent":16036,"menu_order":0,"comment_status":"closed","ping_status":"closed","template":"","meta":{"footnotes":""},"class_list":["post-16733","page","type-page","status-publish","hentry"],"yoast_head":"<!-- This site is optimized with the Yoast SEO plugin v27.4 - https:\/\/yoast.com\/product\/yoast-seo-wordpress\/ -->\n<title>Restrictions sur l&#039;emploi | Centre du Pardon National<\/title>\n<meta name=\"description\" content=\"Centre du Pardon National | Les restrictions sur l\u2019emploi pour les personnes ayant un casier judiciaire au Canada.\" \/>\n<meta name=\"robots\" content=\"noindex, follow, max-snippet:-1, max-image-preview:large, max-video-preview:-1\" \/>\n<meta property=\"og:locale\" content=\"en_US\" \/>\n<meta property=\"og:type\" content=\"article\" \/>\n<meta property=\"og:title\" content=\"Restrictions sur l&#039;emploi | Centre du Pardon National\" \/>\n<meta property=\"og:description\" content=\"Centre du Pardon National | Les restrictions sur l\u2019emploi pour les personnes ayant un casier judiciaire au Canada.\" \/>\n<meta property=\"og:url\" content=\"https:\/\/staging.nationalpardon.org\/?page_id=16733\" \/>\n<meta property=\"og:site_name\" content=\"staging.nationalpardon.org\" \/>\n<meta name=\"twitter:card\" content=\"summary_large_image\" \/>\n<meta name=\"twitter:label1\" content=\"Est. reading time\" \/>\n\t<meta name=\"twitter:data1\" content=\"4 minutes\" \/>\n<script type=\"application\/ld+json\" class=\"yoast-schema-graph\">{\"@context\":\"https:\\\/\\\/schema.org\",\"@graph\":[{\"@type\":\"WebPage\",\"@id\":\"https:\\\/\\\/staging.nationalpardon.org\\\/?page_id=16733\",\"url\":\"https:\\\/\\\/staging.nationalpardon.org\\\/?page_id=16733\",\"name\":\"Restrictions sur l'emploi | Centre du Pardon National\",\"isPartOf\":{\"@id\":\"https:\\\/\\\/staging.nationalpardon.org\\\/#website\"},\"datePublished\":\"2019-02-10T16:40:08+00:00\",\"description\":\"Centre du Pardon National | Les restrictions sur l\u2019emploi pour les personnes ayant un casier judiciaire au Canada.\",\"breadcrumb\":{\"@id\":\"https:\\\/\\\/staging.nationalpardon.org\\\/?page_id=16733#breadcrumb\"},\"inLanguage\":\"en-CA\",\"potentialAction\":[{\"@type\":\"ReadAction\",\"target\":[\"https:\\\/\\\/staging.nationalpardon.org\\\/?page_id=16733\"]}]},{\"@type\":\"BreadcrumbList\",\"@id\":\"https:\\\/\\\/staging.nationalpardon.org\\\/?page_id=16733#breadcrumb\",\"itemListElement\":[{\"@type\":\"ListItem\",\"position\":1,\"name\":\"Home\",\"item\":\"https:\\\/\\\/staging.nationalpardon.org\\\/\"},{\"@type\":\"ListItem\",\"position\":2,\"name\":\"Centre du Connaissances\",\"item\":\"https:\\\/\\\/staging.nationalpardon.org\\\/?page_id=16036\"},{\"@type\":\"ListItem\",\"position\":3,\"name\":\"Restrictions sur l\u2019emploi\"}]},{\"@type\":\"WebSite\",\"@id\":\"https:\\\/\\\/staging.nationalpardon.org\\\/#website\",\"url\":\"https:\\\/\\\/staging.nationalpardon.org\\\/\",\"name\":\"staging.nationalpardon.org\",\"description\":\"\",\"potentialAction\":[{\"@type\":\"SearchAction\",\"target\":{\"@type\":\"EntryPoint\",\"urlTemplate\":\"https:\\\/\\\/staging.nationalpardon.org\\\/?s={search_term_string}\"},\"query-input\":{\"@type\":\"PropertyValueSpecification\",\"valueRequired\":true,\"valueName\":\"search_term_string\"}}],\"inLanguage\":\"en-CA\"}]}<\/script>\n<!-- \/ Yoast SEO plugin. -->","yoast_head_json":{"title":"Restrictions sur l'emploi | Centre du Pardon National","description":"Centre du Pardon National | Les restrictions sur l\u2019emploi pour les personnes ayant un casier judiciaire au Canada.","robots":{"index":"noindex","follow":"follow","max-snippet":"max-snippet:-1","max-image-preview":"max-image-preview:large","max-video-preview":"max-video-preview:-1"},"og_locale":"en_US","og_type":"article","og_title":"Restrictions sur l'emploi | Centre du Pardon National","og_description":"Centre du Pardon National | Les restrictions sur l\u2019emploi pour les personnes ayant un casier judiciaire au Canada.","og_url":"https:\/\/staging.nationalpardon.org\/?page_id=16733","og_site_name":"staging.nationalpardon.org","twitter_card":"summary_large_image","twitter_misc":{"Est. reading time":"4 minutes"},"schema":{"@context":"https:\/\/schema.org","@graph":[{"@type":"WebPage","@id":"https:\/\/staging.nationalpardon.org\/?page_id=16733","url":"https:\/\/staging.nationalpardon.org\/?page_id=16733","name":"Restrictions sur l'emploi | Centre du Pardon National","isPartOf":{"@id":"https:\/\/staging.nationalpardon.org\/#website"},"datePublished":"2019-02-10T16:40:08+00:00","description":"Centre du Pardon National | Les restrictions sur l\u2019emploi pour les personnes ayant un casier judiciaire au Canada.","breadcrumb":{"@id":"https:\/\/staging.nationalpardon.org\/?page_id=16733#breadcrumb"},"inLanguage":"en-CA","potentialAction":[{"@type":"ReadAction","target":["https:\/\/staging.nationalpardon.org\/?page_id=16733"]}]},{"@type":"BreadcrumbList","@id":"https:\/\/staging.nationalpardon.org\/?page_id=16733#breadcrumb","itemListElement":[{"@type":"ListItem","position":1,"name":"Home","item":"https:\/\/staging.nationalpardon.org\/"},{"@type":"ListItem","position":2,"name":"Centre du Connaissances","item":"https:\/\/staging.nationalpardon.org\/?page_id=16036"},{"@type":"ListItem","position":3,"name":"Restrictions sur l\u2019emploi"}]},{"@type":"WebSite","@id":"https:\/\/staging.nationalpardon.org\/#website","url":"https:\/\/staging.nationalpardon.org\/","name":"staging.nationalpardon.org","description":"","potentialAction":[{"@type":"SearchAction","target":{"@type":"EntryPoint","urlTemplate":"https:\/\/staging.nationalpardon.org\/?s={search_term_string}"},"query-input":{"@type":"PropertyValueSpecification","valueRequired":true,"valueName":"search_term_string"}}],"inLanguage":"en-CA"}]}},"_links":{"self":[{"href":"https:\/\/staging.nationalpardon.org\/index.php?rest_route=\/wp\/v2\/pages\/16733","targetHints":{"allow":["GET"]}}],"collection":[{"href":"https:\/\/staging.nationalpardon.org\/index.php?rest_route=\/wp\/v2\/pages"}],"about":[{"href":"https:\/\/staging.nationalpardon.org\/index.php?rest_route=\/wp\/v2\/types\/page"}],"author":[{"embeddable":true,"href":"https:\/\/staging.nationalpardon.org\/index.php?rest_route=\/wp\/v2\/users\/2"}],"replies":[{"embeddable":true,"href":"https:\/\/staging.nationalpardon.org\/index.php?rest_route=%2Fwp%2Fv2%2Fcomments&post=16733"}],"version-history":[{"count":0,"href":"https:\/\/staging.nationalpardon.org\/index.php?rest_route=\/wp\/v2\/pages\/16733\/revisions"}],"up":[{"embeddable":true,"href":"https:\/\/staging.nationalpardon.org\/index.php?rest_route=\/wp\/v2\/pages\/16036"}],"wp:attachment":[{"href":"https:\/\/staging.nationalpardon.org\/index.php?rest_route=%2Fwp%2Fv2%2Fmedia&parent=16733"}],"curies":[{"name":"wp","href":"https:\/\/api.w.org\/{rel}","templated":true}]}}